{"id":1608,"date":"2023-05-29T17:02:30","date_gmt":"2023-05-29T21:02:30","guid":{"rendered":"https:\/\/facilitech.ca\/?page_id=1608"},"modified":"2023-05-29T17:13:15","modified_gmt":"2023-05-29T21:13:15","slug":"assurance-qualite","status":"publish","type":"page","link":"https:\/\/facilitech.ca\/assurance-qualite","title":{"rendered":"Assurance qualit\u00e9"},"content":{"rendered":"\t\t<div data-elementor-type=\"wp-page\" data-elementor-id=\"1608\" class=\"elementor elementor-1608\">\n\t\t\t\t\t\t<div class=\"elementor-inner\">\n\t\t\t\t<div class=\"elementor-section-wrap\">\n\t\t\t\t\t\t\t\t\t<section class=\"elementor-section elementor-top-section elementor-element elementor-element-c4e1b96 elementor-section-boxed elementor-section-height-default elementor-section-height-default\" data-id=\"c4e1b96\" data-element_type=\"section\">\n\t\t\t\t\t\t<div class=\"elementor-container elementor-column-gap-default\">\n\t\t\t\t\t\t\t<div class=\"elementor-row\">\n\t\t\t\t\t<div class=\"elementor-column elementor-col-33 elementor-top-column elementor-element elementor-element-321c872\" data-id=\"321c872\" data-element_type=\"column\">\n\t\t\t<div class=\"elementor-column-wrap elementor-element-populated\">\n\t\t\t\t\t\t\t<div class=\"elementor-widget-wrap\">\n\t\t\t\t\t\t<div class=\"elementor-element elementor-element-8b85157 elementor-widget elementor-widget-image\" data-id=\"8b85157\" data-element_type=\"widget\" data-widget_type=\"image.default\">\n\t\t\t\t<div class=\"elementor-widget-container\">\n\t\t\t\t\t\t\t\t<div class=\"elementor-image\">\n\t\t\t\t\t\t\t\t\t\t\t\t<img loading=\"lazy\" decoding=\"async\" width=\"679\" height=\"440\" src=\"https:\/\/facilitech.ca\/wp-content\/uploads\/2023\/05\/assur2.png\" class=\"attachment-large size-large\" alt=\"\" srcset=\"https:\/\/facilitech.ca\/wp-content\/uploads\/2023\/05\/assur2.png 679w, https:\/\/facilitech.ca\/wp-content\/uploads\/2023\/05\/assur2-300x194.png 300w, https:\/\/facilitech.ca\/wp-content\/uploads\/2023\/05\/assur2-154x100.png 154w, https:\/\/facilitech.ca\/wp-content\/uploads\/2023\/05\/assur2-123x80.png 123w, https:\/\/facilitech.ca\/wp-content\/uploads\/2023\/05\/assur2-394x255.png 394w\" sizes=\"auto, (max-width: 679px) 100vw, 679px\" \/>\t\t\t\t\t\t\t\t\t\t\t\t\t\t<\/div>\n\t\t\t\t\t\t<\/div>\n\t\t\t\t<\/div>\n\t\t\t\t\t\t<\/div>\n\t\t\t\t\t<\/div>\n\t\t<\/div>\n\t\t\t\t<div class=\"elementor-column elementor-col-66 elementor-top-column elementor-element elementor-element-74c0fb0\" data-id=\"74c0fb0\" data-element_type=\"column\">\n\t\t\t<div class=\"elementor-column-wrap elementor-element-populated\">\n\t\t\t\t\t\t\t<div class=\"elementor-widget-wrap\">\n\t\t\t\t\t\t<div class=\"elementor-element elementor-element-931368b para elementor-widget elementor-widget-text-editor\" data-id=\"931368b\" data-element_type=\"widget\" data-widget_type=\"text-editor.default\">\n\t\t\t\t<div class=\"elementor-widget-container\">\n\t\t\t\t\t\t\t\t<div class=\"elementor-text-editor elementor-clearfix\">\n\t\t\t\t<p>L\u2019assurance qualit\u00e9 d\u2019un processus ou d\u2019un produit, a pour but de s\u2019assurer que le niveau de qualit\u00e9 n\u00e9cessaire des d\u00e9veloppements logiciels est atteint et que les standards, normes et proc\u00e9dures sont respect\u00e9s.<br \/>Pour \u00eatre vraiment efficace, la qualit\u00e9 logicielle doit \u00eatre au coeur de la strat\u00e9gie d\u2019entreprise en mettant la satisfaction du client au coeur de tout nouveau produit. Elle passe par une culture qualit\u00e9 dans les \u00e9quipes de d\u00e9veloppement afin de les responsabiliser et qu\u2019elles aient conscience que la qualit\u00e9 est l\u2019affaire de tous.<\/p>\t\t\t\t\t<\/div>\n\t\t\t\t\t\t<\/div>\n\t\t\t\t<\/div>\n\t\t\t\t\t\t<\/div>\n\t\t\t\t\t<\/div>\n\t\t<\/div>\n\t\t\t\t\t\t\t\t<\/div>\n\t\t\t\t\t<\/div>\n\t\t<\/section>\n\t\t\t\t<section class=\"elementor-section elementor-top-section elementor-element elementor-element-fcb65e9 elementor-section-boxed elementor-section-height-default elementor-section-height-default\" data-id=\"fcb65e9\" data-element_type=\"section\">\n\t\t\t\t\t\t<div class=\"elementor-container elementor-column-gap-default\">\n\t\t\t\t\t\t\t<div class=\"elementor-row\">\n\t\t\t\t\t<div class=\"elementor-column elementor-col-100 elementor-top-column elementor-element elementor-element-9b79ebd\" data-id=\"9b79ebd\" data-element_type=\"column\">\n\t\t\t<div class=\"elementor-column-wrap elementor-element-populated\">\n\t\t\t\t\t\t\t<div class=\"elementor-widget-wrap\">\n\t\t\t\t\t\t<div class=\"elementor-element elementor-element-775037b elementor-widget elementor-widget-spacer\" data-id=\"775037b\" data-element_type=\"widget\" data-widget_type=\"spacer.default\">\n\t\t\t\t<div class=\"elementor-widget-container\">\n\t\t\t\t\t<div class=\"elementor-spacer\">\n\t\t\t<div class=\"elementor-spacer-inner\"><\/div>\n\t\t<\/div>\n\t\t\t\t<\/div>\n\t\t\t\t<\/div>\n\t\t\t\t\t\t<\/div>\n\t\t\t\t\t<\/div>\n\t\t<\/div>\n\t\t\t\t\t\t\t\t<\/div>\n\t\t\t\t\t<\/div>\n\t\t<\/section>\n\t\t\t\t\t\t\t\t\t<\/div>\n\t\t\t<\/div>\n\t\t\t\t\t<\/div>\n\t\t","protected":false},"excerpt":{"rendered":"<p>L\u2019assurance qualit\u00e9 d\u2019un processus ou d\u2019un produit, a pour but de s\u2019assurer que le niveau de qualit\u00e9 n\u00e9cessaire des d\u00e9veloppements logiciels est atteint et que les standards, normes et proc\u00e9dures sont respect\u00e9s.Pour \u00eatre vraiment efficace, la qualit\u00e9 logicielle doit \u00eatre &hellip; <a href=\"https:\/\/facilitech.ca\/assurance-qualite\">Read More<\/a><\/p>\n","protected":false},"author":2,"featured_media":0,"parent":0,"menu_order":0,"comment_status":"closed","ping_status":"closed","template":"","meta":{"_monsterinsights_skip_tracking":false,"_monsterinsights_sitenote_active":false,"_monsterinsights_sitenote_note":"","_monsterinsights_sitenote_category":0,"footnotes":""},"class_list":["post-1608","page","type-page","status-publish","hentry"],"aioseo_notices":[],"_links":{"self":[{"href":"https:\/\/facilitech.ca\/wp-json\/wp\/v2\/pages\/1608","targetHints":{"allow":["GET"]}}],"collection":[{"href":"https:\/\/facilitech.ca\/wp-json\/wp\/v2\/pages"}],"about":[{"href":"https:\/\/facilitech.ca\/wp-json\/wp\/v2\/types\/page"}],"author":[{"embeddable":true,"href":"https:\/\/facilitech.ca\/wp-json\/wp\/v2\/users\/2"}],"replies":[{"embeddable":true,"href":"https:\/\/facilitech.ca\/wp-json\/wp\/v2\/comments?post=1608"}],"version-history":[{"count":7,"href":"https:\/\/facilitech.ca\/wp-json\/wp\/v2\/pages\/1608\/revisions"}],"predecessor-version":[{"id":1618,"href":"https:\/\/facilitech.ca\/wp-json\/wp\/v2\/pages\/1608\/revisions\/1618"}],"wp:attachment":[{"href":"https:\/\/facilitech.ca\/wp-json\/wp\/v2\/media?parent=1608"}],"curies":[{"name":"wp","href":"https:\/\/api.w.org\/{rel}","templated":true}]}}